7, 23
List the prime factors of 1175.
5, 47
What are the prime factors of 13381?
13381
What are the prime factors of 8692?
2, 41, 53
List the prime factors of 1154.
2, 577
What are the prime factors of 424?
2, 53
List the prime factors of 23249.
67, 347
What are the prime factors of 51662?
2, 13, 1987
What are the prime factors of 45533?
45533
What are the prime factors of 3425?
5, 137
What are the prime factors of 41417?
83, 499
What are the prime factors of 3590?
2, 5, 359
What are the prime factors of 58141?
53, 1097
List the prime factors of 75445.
5, 79, 191
What are the prime factors of 2014?
2, 19, 53
List the prime factors of 171893.
19, 83, 109
What are the prime factors of 166?
2, 83
What are the prime factors of 804?
2, 3, 67
List the prime factors of 2898.
2, 3, 7, 23
List the prime factors of 45040.
2, 5, 563
List the prime factors of 5309.
5309
What are the prime factors of 31850?
2, 5, 7, 13
List the prime factors of 68451.
3, 22817
List the prime factors of 1398.
2, 3, 233
What are the prime factors of 6763?
6763
What are the prime factors of 125610?
2, 3, 5, 53, 79
List the prime factors of 3337.
47, 71
What are the prime factors of 74348?
2, 18587
List the prime factors of 24925.
5, 997
What are the prime factors of 2251?
2251
List the prime factors of 14192.
2, 887
List the prime factors of 26909.
71, 379
List the prime factors of 24.
2, 3
List the prime factors of 535.
5, 107
List the prime factors of 242.
2, 11
List the prime factors of 749.
7, 107
List the prime factors of 19612.
2, 4903
What are the prime factors of 3843?
3, 7, 61
List the prime factors of 1303.
1303
What are the prime factors of 1359?
3, 151
What are the prime factors of 4691?
4691
List the prime factors of 2139.
3, 23, 31
What are the prime factors of 1855?
5, 7, 53
List the prime factors of 21327.
3, 7109
List the prime factors of 2088.
2, 3, 29
List the prime factors of 324.
2, 3
What are the prime factors of 2088?
2, 3, 29
What are the prime factors of 9132?
2, 3, 761
List the prime factors of 2420.
2, 5, 11
List the prime factors of 21517.
21517
List the prime factors of 1509.
3, 503
What are the prime factors of 9804?
2, 3, 19, 43
List the prime factors of 4023.
3, 149
What are the prime factors of 6074?
2, 3037
What are the prime factors of 629?
17, 37
What are the prime factors of 10990?
2, 5, 7, 157
List the prime factors of 1192.
2, 149
What are the prime factors of 6988?
2, 1747
List the prime factors of 255.
3, 5, 17
List the prime factors of 24659.
24659
What are the prime factors of 666?
2, 3, 37
What are the prime factors of 1001?
7, 11, 13
List the prime factors of 1935.
3, 5, 43
List the prime factors of 35641.
29, 1229
What are the prime factors of 546?
2, 3, 7, 13
What are the prime factors of 19729?
109, 181
List the prime factors of 3878.
2, 7, 277
List the prime factors of 70023.
3, 17, 1373
List the prime factors of 2438.
2, 23, 53
What are the prime factors of 87290?
2, 5, 7, 29, 43
What are the prime factors of 1448?
2, 181
List the prime factors of 38234.
2, 7, 2731
What are the prime factors of 13724?
2, 47, 73
List the prime factors of 34986.
2, 3, 7, 17
List the prime factors of 347.
347
What are the prime factors of 10693?
17, 37
List the prime factors of 758.
2, 379
What are the prime factors of 18?
2, 3
What are the prime factors of 875?
5, 7
List the prime factors of 51899.
51899
List the prime factors of 16731.
3, 11, 13
List the prime factors of 2827.
11, 257
What are the prime factors of 26284?
2, 6571
List the prime factors of 512.
2
List the prime factors of 875.
5, 7
What are the prime factors of 3676?
2, 919
What are the prime factors of 66301?
66301
List the prime factors of 15310.
2, 5, 1531
List the prime factors of 680.
2, 5, 17
List the prime factors of 1055.
5, 211
What are the prime factors of 11793?
3, 3931
What are the prime factors of 6544?
2, 409
What are the prime factors of 51361?
51361
What are the prime factors of 2695?
5, 7, 11
What are the prime factors of 46327?
46327
List the prime factors of 155.
5, 31
What are the prime factors of 2318?
2, 19, 61
What are the prime factors of 5023?
5023
List the prime factors of 793.
13, 61
What are the prime factors of 8402?
2, 4201
What are the prime factors of 2181?
3, 727
List the prime factors of 103894.
2, 7, 41, 181
What are the prime factors of 91502?
2, 45751
List the prime factors of 748.
2, 11, 17
List the prime factors of 34716.
2, 3, 11, 263
What are the prime factors of 9325?
5, 373
What are the prime factors of 676?
2, 13
What are the prime factors of 1345?
5, 269
What are the prime factors of 41534?
2, 19, 1093
What are the prime factors of 666?
2, 3, 37
What are the prime factors of 25?
5
What are the prime factors of 131?
131
List the prime factors of 186029.
19, 9791
List the prime factors of 18367.
18367
List the prime factors of 5288.
2, 661
What are the prime factors of 1039?
1039
List the prime factors of 2219.
7, 317
List the prime factors of 1554.
2, 3, 7, 37
List the prime factors of 7347.
3, 31, 79
List the prime factors of 55419.
3, 7, 13, 29
What are the prime factors of 35237?
167, 211
What are the prime factors of 20?
2, 5
List the prime factors of 6646.
2, 3323
What are the prime factors of 1067?
11, 97
What are the prime factors of 45787?
7, 31, 211
List the prime factors of 26472.
2, 3, 1103
What are the prime factors of 829?
829
What are the prime factors of 1000?
2, 5
What are the prime factors of 1143?
3, 127
List the prime factors of 136226.
2, 68113
List the prime factors of 28161.
3, 7, 149
List the prime factors of 11255.
5, 2251
What are the prime factors of 11439?
3, 31, 41
What are the prime factors of 24648?
2, 3, 13, 79
What are the prime factors of 70842?
2, 3, 11807
List the prime factors of 1834.
2, 7, 131
What are the prime factors of 1970?
2, 5, 197
List the prime factors of 207.
3, 23
List the prime factors of 1151.
1151
What are the prime factors of 2552?
2, 11, 29
What are the prime factors of 37711?
43, 877
What are the prime factors of 9107?
7, 1301
List the prime factors of 1611.
3, 179
List the prime factors of 1006.
2, 503
List the prime factors of 1758.
2, 3, 293
What are the prime factors of 824?
2, 103
List the prime factors of 2200.
2, 5, 11
What are the prime factors of 6248?
2, 11, 71
What are the prime factors of 99435?
3, 5, 7, 947
List the prime factors of 667.
23, 29
List the prime factors of 49845.
3, 5, 3323
What are the prime factors of 2256?
2, 3, 47
List the prime factors of 2024.
2, 11, 23
List the prime factors of 12711.
3, 19, 223
What are the prime factors of 38907?
3, 11, 131
List the prime factors of 29484.
2, 3, 7, 13
What are the prime factors of 4795?
5, 7, 137
List the prime factors of 95247.
3, 19, 557
What are the prime factors of 5420?
2, 5, 271
What are the prime factors of 18566?
2, 9283
What are the prime factors of 3073?
7, 439
List the prime factors of 9305.
5, 1861
What are the prime factors of 1847?
1847
List the prime factors of 38200.
2, 5, 191
What are the prime factors of 14622?
2, 3, 2437
List the prime factors of 14912.
2, 233
List the prime factors of 6291.
3, 233
What are the prime factors of 27248?
2, 13, 131
List the prime factors of 4131.
3, 17
List the prime factors of 1034.
2, 11, 47
What are the prime factors of 23764?
2, 13, 457
List the prime factors of 19236.
2, 3, 7, 229
What are the prime factors of 2637?
3, 293
List the prime factors of 19256.
2, 29, 83
List the prime factors of 8871.
3, 2957
What are the prime factors of 157244?
2, 19, 2069
What are the prime factors of 37012?
2, 19, 487
What are the prime factors of 1338?
2, 3, 223
List the prime factors of 5545.
5, 1109
What are the prime factors of 1033?
1033
What are the prime factors of 2645?
5, 23
List the prime factors of 6330.
2, 3, 5, 211
What are the prime factors of 34847?
34847
List the prime factors of 1267.
7, 181
What are the prime factors of 1725?
3, 5, 23
List the prime factors of 1018.
2, 509
What are the prime factors of 18210?
2, 3, 5, 607
List the prime factors of 10503.
3, 389
What are the prime factors of 11166?
2, 3, 1861
What are the prime factors of 2986?
2, 1493
List the prime factors of 59256.
2, 3, 823
What are the prime factors of 4760?
2, 5, 7, 17
What are the p